 of 15 and j.
3
Let t be 2*2 - 0/7. Suppose c - t*n = -4, -2*n = -2*c - 3*n + 28. Calculate the highest common divisor of c and 3.
3
Let u(i) = -i**3 + 4*i**2 + 2*i - 3. Let m be u(-4). What is the greatest common factor of m and 13?
13
Let x = 6 + -4. Suppose -y + x*y - 6 = 0. Suppose -5*b - 14 = -4*z, -24 = 2*z - 5*z - 3*b. Calculate the highest common divisor of y and z.
6
Suppose -48 = -5*z + 2. Let u = 5 + -14. Let x be 90/(-8)*24/u. What is the greatest common factor of x and z?
10
Suppose 0 = -14*r + 10*r + 836. What is the highest common factor of 19 and r?
19
Let r(b) = 19*b**2 - 4*b + 2. Let q be r(2). Suppose -3*y + 28 = -y. Suppose -y = -o - 0. Calculate the greatest common factor of o and q.
14
Let q(w) = -w**2 + 9*w - 6. Let u be q(6). What is the highest common divisor of 12 and u?
12
Let m = 29 + -43. Let z = -6 - m. Calculate the highest common divisor of z and 40.
8
Suppose -r + 1155 = 6*r. What is the greatest common factor of r and 15?
15
Let d be (-1)/(((-12)/9)/4). Let q = 4 - d. Suppose q + 8 = n. What is the greatest common factor of n and 18?
9
Let u(y) = -y**3 + 2. Let o be u(0). Suppose -3*s = o*s - 85. What is the highest common factor of s and 136?
17
Let d(o) = -10*o + 2. Let q be d(-1). What is the greatest common divisor of 132 and q?
12
Let u be (-16)/((-1 + -1)/4). Calculate the greatest common divisor of 16 and u.
16
Suppose -4*x - 4*v - 180 = 0, 6*v = v - 25. Suppose 0*h + h = -5*o + 677, -5*h + 685 = 5*o. Let a = o + x. Calculate the greatest common factor of 19 and a.
19
Suppose o + 2 = n - 66, -5*o = -3*n + 208. Let p = 111 - n. What is the greatest common divisor of 15 and p?
15
Suppose 2*y - 37 = z, 7*y - 2*y = -2*z + 70. Let l be -1 + 9*(-2 + 1). Let c = 18 + l. What is the greatest common divisor of c and y?
8
Let j(m) = m - 10. Let s be j(17). Let n be s + 0 - (0 + 0). What is the highest common factor of 14 and n?
7
Suppose -4*j + 5*f - 2 = 0, -2 - 10 = -5*j - f. Calculate the greatest common factor of 5 and j.
1
Let s = -20 - -68. What is the greatest common factor of 32 and s?
16
Let x = 17 - -11. Let l(j) = 35*j. Let z be l(2). Calculate the greatest common factor of z and x.
14
Let v(b) = -10*b**2 + 1. Let z be v(-1). Let o be 3/z*10*-3. Let g(a) = 4*a**3 + a**2 + a + 2. Let l be g(2). What is the greatest common factor of l and o?
10
Let i = -1448 - -972. Let v be (-4)/(-10) + i/(-10). Let q be 6/(((-9)/(-2))/9). What is the highest common factor of q and v?
12
Let f(k) = 2*k**2 + 18*k - 4. Let t be f(-11). What is the highest common factor of t and 100?
20
Suppose 0*r + 6*r = 780. What is the greatest common factor of r and 52?
26
Let s = 5 + -5. Suppose -9 = x - 4*a + a, -2*x - a + 17 = s. Suppose -3*g + 2*g + 24 = 0. What is the greatest common factor of x and g?
6
Suppose -2*z = z - 96. What is the highest common factor of 48 and z?
16
Let x = 10 - 7. Let r = x + 5. What is the greatest common divisor of r and 56?
8
Let r be (-4 + -3)*-1*30/21. What is the greatest common divisor of 100 and r?
10
Let j(h) = 5*h**2 + 3*h - 14. Let b be j(7). Calculate the greatest common factor of 28 and b.
28
Suppose 0 = 3*g + g - 64. Suppose -440 + 130 = -k + 2*x, -3*k - 5*x + 985 = 0. Let a = k + -144. What is the greatest common divisor of a and g?
16
Suppose j - 3*t - 84 = -2*j, -t = 4*j - 92. Let i(p) = p**3 + 10*p**2 + 14*p - 4. Let o be i(-8). What is the highest common factor of j and o?
12
Suppose 7*m - 3*m - 4*c - 28 = 0, m - 17 = -c. Let q = -10 - -22. Calculate the greatest common factor of q and m.
12
Suppose -h + 13 = -57. What is the greatest common factor of 28 and h?
14
Suppose -5*p = 5*g - 45, -6*g = -p - 3*g + 13. What is the greatest common divisor of 40 and p?
10
Let z be ((-2)/(-6) + -1)*-6. Suppose z*c - 8 = 4*m, -2*m - 18 = 3*c + 2*c. Let x be -2 - (-1 - c - 156). What is the greatest common divisor of 17 and x?
17
Let n = 84 - 69. Let h(c) = -c**3 - 5*c**2 + 6*c + 1. Let o be h(-6). Suppose -o - 4 = -s. Calculate the highest common divisor of n and s.
5
Let u(w) = w + 3*w + 4*w + 4*w**3 + 9 - 3*w**3 - 10*w**2. Let n be u(9). Let x = n + 8. What is the greatest common divisor of x and 40?
8
Suppose 4*m = -0*m. Suppose m*c - 8 = -c. Suppose -2*b - c = 0, 196 = 5*d - 3*b - b. Calculate the highest common divisor of d and 9.
9
Let q(u) = 5*u + 45. Let n be q(-6). What is the greatest common factor of 20 and n?
5
Let a be 2 + 3/(0 + 3). Suppose -89 = -4*p + a*z, -5*p - z + 183 = 48. What is the greatest common factor of 65 and p?
13
Let h be (0 + -2 + -4)*-6. Let n(a) = 6*a. Let q be n(4). What is the greatest common divisor of q and h?
12
Let n = -35 - -51. Suppose -4*r = -15 - 1. What is the highest common factor of r and n?
4
Let j(v) = v**2 + v - 2. Let a be j(3). Let m be 4/(-3) - (-510)/45. Calculate the highest common divisor of m and a.
10
Suppose 0 = -0*k + 4*k - 8. Suppose -2*h - 3*t + 35 = -0*h, k*h - 32 = -2*t. What is the greatest common factor of h and 13?
13
Let v be 61*2 + -11 + 15. Calculate the highest common factor of 84 and v.
42
Let n be (-45)/(-2)*(-8)/(-1). Calculate the greatest common divisor of n and 20.
20
Suppose -10*h = 4*h - 168. Calculate the greatest common divisor of 276 and h.
12
Let n = -3 - -3. Let x be (1 + n)*24/4. Calculate the highest common factor of 30 and x.
6
Suppose 2*g + 3*f - 235 = 0, 3*f - f - 560 = -5*g. Calculate the greatest common divisor of 22 and g.
22
Suppose 4*b + 3*s = -2*s - 12, -b + 22 = -5*s. Calculate the highest common divisor of 6 and b.
2
Let q(j) = j**2 + j**3 + 0*j**2 - 3 + 3*j**2 - 2*j. Suppose 2*s = -4*f, -4*f - s + 12 = 4*s. Let g be q(f). Calculate the highest common factor of g and 18.
9
Suppose -3*d - 192 = -4*d. Calculate the greatest common divisor of d and 24.
24
Let w(x) = x**2 - 6*x - 2. Let b be w(7). Calculate the greatest common divisor of 1 and b.
1
Suppose -4*x - 92 = -2*h - 36, 2*h - 35 = -3*x. Calculate the highest common divisor of 198 and h.
22
Suppose 0 = -5*a + 27 + 43. What is the highest common factor of a and 7?
7
Suppose u + u = 36. Let h = u + -3. Suppose -2*g - 2*g + 420 = 0. Calculate the highest common factor of g and h.
15
Suppose 0*g = -3*g + 9. Suppose 6*l = g*l + 3. Calculate the greatest common factor of 2 and l.
1
Let t be 1/(-1) + (64 - 0). What is the greatest common divisor of 7 and t?
7
Let b(k) = -41*k - 1. Let g be b(-1). Let j(q) = q**3 + 10*q**2 - 12*q + 5. Let z be j(-11). Calculate the greatest common divisor of z and g.
8
Suppose 120 = c + c. Suppose 3 = 3*f - 12. Suppose f*p - 83 = -0*p + 4*i, 20 = 2*p + 5*i. Calculate the greatest common divisor of p and c.
15
Let q be (7/(-3) - -1)*-30. Let h = -3 + -2. Let r(m) = m**3 + 6*m**2 + 4*m + 3. Let w be r(h). Calculate the highest common factor of q and w.
8
Let h = -8 + -1. Let g be 2/(-9) - 272/h. Calculate the highest common factor of g and 75.
15
Let q = -14 + 31. What is the greatest common factor of q and 51?
17
Let k(u) = 2*u**2 - 7*u + 5. Let l be k(4). Calculate the greatest common divisor of 72 and l.
9
Suppose 5*s - 12 = -v + 75, -87 = -4*s + 5*v. Calculate the highest common factor of 54 and s.
18
Suppose -2 = -2*f + 10. Let v be 332/14 - 2/(-7). Let u = v - f. What is the greatest common factor of 12 and u?
6
Suppose 0 = 4*f - 2*f - 6. Suppose f*y = 2*y + 2. Calculate the highest common factor of y and 1.
1
Let c(x) = 6*x + 17. Let w be c(10). Let t = 22 - 15. What is the greatest common divisor of w and t?
7
Let o(k) = -k**3 + 8*k**2 - 2*k - 3. Let t be o(3). Let c = t - 26. Let h be 82 + (-1*4 - -2). What is the greatest common divisor of c and h?
10
Suppose 3*c + 0*c - 54 = 0. Let f be (22/(-6))/(4/(-216)). What is the highest common factor of c and f?
18
Let w be (3 + -4)/(-2 + 1). Calculate the greatest common factor of w and 7.
1
Let x be (-4200)/18*(-6)/5. Let a be x/16 - 1/(-2). Calculate the greatest common divisor of a and 144.
18
Let z be 474/54 + (-2)/(-9). What is the greatest common factor of 99 and z?
9
Let k be 24/(-4)*9/(-3). Calculate the greatest common divisor of 126 and k.
18
Suppose 2*s - 32 = -30. What is the greatest common divisor of 2 and s?
1
Suppose 5*h - 30 = 195. Let t(u) = -3*u**3 - u**2 + u + 1. Let r be t(-1). Suppose -r*k + h = 3*k. Calculate the greatest common factor of k and 